ghest common factor of 54046 and 2117981.
61
Calculate the highest common factor of 113049762 and 476.
238
What is the greatest common factor of 1952926 and 36405?
809
What is the greatest common factor of 104 and 6932003?
13
Calculate the greatest common factor of 4699693 and 20646.
31
What is the greatest common factor of 54365 and 151305?
655
Calculate the greatest common factor of 17 and 172033217.
17
What is the highest common divisor of 589826 and 1886?
82
What is the greatest common divisor of 320 and 6976480?
160
Calculate the highest common factor of 97969136 and 33697.
1087
Calculate the highest common divisor of 1659 and 1929732.
21
Calculate the highest common factor of 1284 and 15051904.
428
Calculate the highest common divisor of 66445 and 8824855.
685
What is the highest common divisor of 11 and 517288090?
11
Calculate the greatest common factor of 36023743 and 581.
581
Calculate the highest common divisor of 20957 and 7238989.
1103
What is the highest common divisor of 14 and 659522626?
14
Calculate the greatest common factor of 2519014 and 70484.
526
Calculate the greatest common divisor of 1385 and 95060860.
1385
What is the greatest common factor of 388702438 and 2?
2
What is the highest common divisor of 145 and 94591765?
145
What is the highest common divisor of 3549427 and 17990?
1799
Calculate the highest common factor of 5264 and 386800036.
1316
What is the highest common factor of 2847 and 38363?
13
Calculate the greatest common factor of 15338614 and 124.
62
Calculate the highest common divisor of 31967860 and 580.
580
What is the greatest common factor of 18264 and 308590827?
2283
Calculate the highest common factor of 12 and 2233443.
3
What is the greatest common divisor of 6196 and 416?
4
What is the highest common factor of 415167137 and 719?
719
Calculate the greatest common divisor of 104 and 3566152.
8
What is the greatest common divisor of 627 and 3361809?
33
Calculate the greatest common factor of 284926 and 6145514.
2614
Calculate the greatest common divisor of 7667 and 1375878.
697
What is the highest common divisor of 457744056 and 231?
231
Calculate the highest common divisor of 13961501 and 873.
97
What is the highest common factor of 44075725 and 175?
25
What is the highest common factor of 45946277 and 78?
13
What is the greatest common factor of 111396204 and 3384?
1692
Calculate the greatest common divisor of 26 and 255327670.
26
What is the highest common divisor of 160 and 89468530?
10
Calculate the greatest common factor of 1795291218 and 126.
126
Calculate the greatest common factor of 122408 and 200640.
88
What is the greatest common factor of 680357 and 165478?
527
Calculate the highest common divisor of 87137 and 7663.
79
What is the greatest common divisor of 28900 and 450500?
1700
What is the highest common divisor of 260440442 and 34?
34
What is the highest common factor of 158137245 and 420?
105
Calculate the highest common divisor of 306 and 982380.
6
Calculate the highest common divisor of 52544 and 1021376.
64
Calculate the greatest common factor of 44 and 11204721.
11
Calculate the highest common divisor of 1002 and 38921187.
501
What is the greatest common divisor of 11309 and 29938605?
263
What is the highest common divisor of 43497 and 582108?
537
What is the highest common factor of 938385053 and 53255?
10651
Calculate the highest common factor of 5871 and 484797.
3
What is the highest common divisor of 26107 and 167?
1
What is the greatest common factor of 55200 and 14740608?
2208
Calculate the greatest common divisor of 508158670 and 610.
610
Calculate the highest common factor of 421904521 and 1411.
1411
What is the highest common divisor of 46208 and 6607488?
128
Calculate the greatest common divisor of 3800 and 12934592.
152
Calculate the greatest common factor of 148 and 134968.
4
What is the highest common factor of 11199 and 725542147?
3733
Calculate the greatest common divisor of 1238017 and 66275.
2651
What is the highest common factor of 25 and 12515?
5
Calculate the greatest common factor of 169580110 and 2030.
2030
Calculate the highest common divisor of 10872 and 4275.
9
What is the greatest common factor of 558 and 76191831?
279
What is the greatest common factor of 17138 and 8660542?
418
What is the greatest common divisor of 22 and 126290417?
11
Calculate the highest common factor of 375876 and 2862.
954
What is the highest common divisor of 11739 and 4518?
3
Calculate the highest common divisor of 905838472 and 1232.
616
Calculate the highest common factor of 398196 and 40620.
12
What is the greatest common divisor of 31980 and 31335603?
1599
Calculate the highest common factor of 872 and 11728.
8
Calculate the greatest common divisor of 8577188 and 158.
158
What is the highest common factor of 49820856 and 768?
24
Calculate the greatest common divisor of 1646 and 929167.
823
Calculate the highest common divisor of 29299 and 169237.
83
Calculate the highest common divisor of 377 and 23596807.
377
Calculate the greatest common divisor of 224 and 1003513.
7
What is the greatest common factor of 33299307 and 9?
9
Calculate the greatest common factor of 16534601 and 958.
479
Calculate the highest common factor of 11333 and 839594.
7
What is the greatest common divisor of 226602 and 27?
9
Calculate the greatest common divisor of 250654647 and 51.
51
What is the greatest common factor of 28 and 326008?
4
Calculate the highest common factor of 2679 and 14621089.
893
What is the highest common divisor of 18960 and 17370?
30
What is the highest common divisor of 28905 and 47658?
141
What is the highest common factor of 270286 and 8006996?
1814
What is the highest common factor of 18260 and 462310?
830
What is the highest common divisor of 4563 and 190203?
39
What is the highest common divisor of 19757 and 8745479?
859
Calculate the highest common factor of 16025 and 135.
5
Calculate the highest common divisor of 273195 and 2715.
15
Calculate the greatest common factor of 40061 and 40474.
413
What is the greatest common divisor of 54927717 and 299?
13
Calculate the greatest common divisor of 4355993 and 44298.
23
What is the highest common divisor of 12003832 and 32?
8
Calculate the highest common factor of 115942 and 118958.
58
Calculate the greatest common divisor of 15 and 26646798.
3
Calculate the highest common factor of 18 and 1765593.
9
What is the greatest common factor of 314732 and 88044?
1012
What is the highest common divisor of 30273707 and 786?
131
What is the highest common factor of 1430714460 and 21?
21
Calculate the greatest common factor of 2162 and 67933330.
94
Calculate the highest common factor of 114291950 and 1340.
670
Calculate the highest common factor of 1249625 and 61520.
3845
Calculate the greatest common divisor of 3638166 and 43674.
174
What is the greatest common divisor of 435830927 and 1631?
1631
Calculate the highest common divisor of 147436 and 180482.
2542
Calculate the highest common divisor of 16854 and 1527.
3
What is the greatest common factor of 2073 and 32378187?
2073
What is the greatest common divisor of 1000244 and 37669?
139
What is the highest common divisor of 57033468 and 13248?
828
What is the greatest common divisor of 24214724 and 444?
148
What is the greatest common divisor of 4440 and 412449360?
4440
Calculate the highest common divisor of 2677530 and 23840.
1490
Calculate the greatest common factor of 18965421 and 32137.
4591
Calculate the highest common divisor of 9 and 2530838034.
9
What is the greatest common factor of 3398 and 111520661?
1699
What is the highest common divisor of 522 and 3534723?
261
What is the greatest common divisor of 894948 and 2567?
17
What is the highest common factor of 24006177 and 13?
13
Calculate the highest common factor of 137293 and 54595.
179
What is the greatest common divisor of 70 and 3759790?
10
Calculate the greatest common factor of 66125323 and 36872.
4609
What is the greatest common factor of 494945 and 72160?
55
What is the greatest common factor of 12979 and 2451?
1
Calculate the highest common factor of 77947598 and 46.
46
What is the greatest common factor of 14721045 and 61410?
1335
What is the highest common divisor of 135 and 41238675?
45
What is the highest commo